
What is the greatest common divisor of 15120190 and 290?
10
What is the greatest common factor of 4879824 and 1884?
12
Calculate the greatest common divisor of 3772775 and 260305.
3295
What is the greatest common factor of 9 and 569289627?
9
Calculate the highest common divisor of 61198039 and 84.
7
Calculate the greatest common factor of 325711 and 80327.
37
What is the highest common factor of 104690790 and 90?
90
Calculate the greatest common factor of 930967 and 71872.
1123
What is the highest common factor of 1883 and 188693278?
269
Calculate the greatest common divisor of 33 and 94691707.
11
What is the greatest common divisor of 247 and 44724556?
19
What is the highest common divisor of 860256 and 38048?
928
What is the highest common factor of 32721 and 38973228?
2517
What is the greatest common factor of 29866 and 9308876?
274
What is the greatest common factor of 9101339 and 130?
13
What is the highest common divisor of 34730 and 26381?
23
What is the highest common divisor of 16227783 and 1026675?
3159
Calculate the highest common factor of 558 and 6134218.
62
What is the highest common divisor of 1597 and 15064501?
1597
What is the greatest common divisor of 183 and 143601869?
61
Calculate the greatest common divisor of 37254967 and 148.
37
Calculate the highest common factor of 3289 and 2520869.
299
Calculate the greatest common divisor of 25307051 and 4521.
1507
What is the greatest common factor of 18397770 and 76105?
2455
What is the greatest common factor of 890082 and 848?
106
Calculate the greatest common factor of 2240 and 685465760.
1120
What is the highest common factor of 1550 and 635066?
62
Calculate the highest common divisor of 8454109 and 29.
29
What is the greatest common divisor of 1546323 and 21?
3
What is the greatest common factor of 16282 and 257474?
14
Calculate the greatest common divisor of 497 and 176813.
7
What is the greatest common factor of 58397089 and 707?
101
Calculate the greatest common divisor of 263778950 and 368.
46
Calculate the greatest common factor of 132 and 943992.
12
What is the greatest common factor of 432 and 1977008472?
216
What is the greatest common factor of 989 and 162587?
23
What is the greatest common factor of 114628032 and 1770?
354
What is the highest common factor of 856 and 73938070?
214
Calculate the highest common divisor of 3715810 and 490.
70
Calculate the highest common factor of 816 and 3041589.
51
What is the greatest common divisor of 774395 and 89365?
305
What is the greatest common divisor of 990 and 13478630?
110
Calculate the highest common divisor of 72 and 152024604.
12
What is the highest common factor of 1149 and 499295652?
1149
What is the highest common divisor of 2268848 and 112?
16
Calculate the greatest common divisor of 177598652 and 1970.
394
Calculate the highest common divisor of 1070250 and 4440.
30
Calculate the greatest common divisor of 4412256 and 3186.
354
What is the highest common factor of 694661 and 2416961?
5741
Calculate the greatest common factor of 58090 and 162874.
74
What is the highest common divisor of 116603 and 63631?
323
Calculate the greatest common factor of 26 and 338626769.
13
Calculate the highest common divisor of 2232 and 36160353.
279
Calculate the greatest common factor of 2205 and 2658985.
245
What is the highest common factor of 39 and 21360993?
3
Calculate the greatest common factor of 370 and 394090885.
185
Calculate the greatest common factor of 342 and 42695318.
38
What is the highest common divisor of 17600055 and 2145?
165
Calculate the greatest common factor of 23064 and 546096.
744
Calculate the highest common divisor of 52514 and 3508274.
1694
Calculate the highest common divisor of 1287642 and 30.
6
What is the highest common factor of 9454 and 728936?
326
Calculate the highest common factor of 26178720 and 1440.
480
What is the greatest common factor of 1503960 and 421640?
3320
What is the greatest common divisor of 169953 and 9093?
21
What is the greatest common divisor of 32 and 44005784?
8
Calculate the greatest common divisor of 19089456 and 768.
48
What is the greatest common divisor of 434 and 5308086?
14
Calculate the greatest common divisor of 158625 and 1347255.
2115
What is the greatest common factor of 5147922 and 390?
78
What is the greatest common divisor of 93141 and 63279?
711
Calculate the highest common divisor of 13674 and 865914.
318
What is the greatest common divisor of 6228 and 10941039?
1557
Calculate the highest common factor of 11350 and 7491.
227
What is the greatest common divisor of 365 and 279733080?
365
Calculate the highest common divisor of 549 and 322641.
9
Calculate the highest common factor of 1917230 and 25.
5
Calculate the highest common divisor of 131626 and 284482.
4246
Calculate the greatest common factor of 14726565 and 1575.
315
What is the highest common divisor of 39006 and 27522?
198
Calculate the highest common factor of 3968 and 20584.
248
Calculate the greatest common factor of 66891 and 6721532.
2027
Calculate the highest common factor of 35798 and 13251.
7
What is the highest common divisor of 200 and 787350?
50
What is the highest common factor of 652 and 498460?
4
Calculate the greatest common divisor of 322 and 47251246.
322
Calculate the greatest common divisor of 217779617 and 253.
253
Calculate the greatest common divisor of 297115 and 35945.
455
Calculate the greatest common divisor of 1184 and 7722368.
32
Calculate the greatest common divisor of 3349 and 862072.
197
Calculate the highest common divisor of 21243 and 125049.
219
Calculate the greatest common divisor of 2415 and 4746805.
35
Calculate the greatest common divisor of 1573 and 12950938.
143
What is the highest common divisor of 276 and 16956?
12
Calculate the highest common factor of 6054 and 38107912.
2018
What is the highest common factor of 633425859 and 16994?
8497
What is the greatest common factor of 40002 and 83394?
678
Calculate the highest common divisor of 23198058 and 1872.
234
What is the greatest common divisor of 204099 and 133?
7
What is the greatest common divisor of 17744990 and 30?
10
What is the highest common factor of 1320062 and 782?
46
Calculate the greatest common divisor of 16734747 and 21.
3
What is the highest common divisor of 214857818 and 14?
14
What is the greatest common divisor of 2608 and 416?
16
Calculate the greatest common factor of 25663 and 20141.
11
Calculate the highest common divisor of 2784 and 438464688.
1392
What is the greatest common divisor of 371070 and 31455?
45
Calculate the greatest common divisor of 2229 and 18018493.
743
Calculate the greatest common divisor of 2553 and 149077329.
2553
What is the highest common factor of 351 and 5010356?
13
Calculate the highest common divisor of 642 and 33623466.
642
Calculate the greatest common factor of 1535990640 and 480.
240
Calculate the highest common factor of 161195 and 1457015.
1565
Calculate the greatest common divisor of 138688596 and 14607.
4869
Calculate the greatest common divisor of 53605 and 181351.
151
Calculate the greatest common factor of 42647183 and 21644.
773
What is the highest common factor of 200 and 488620?
20
Calculate the highest common divisor of 729 and 466236.
81
What is the highest common factor of 43716402 and 216?
54
What is the highest common factor of 107684202 and 5?
1
Calculate the greatest common divisor of 403 and 418277.
1
Calculate the greatest common factor of 16446116 and 128.
4
Calculate the greatest common factor of 2053632 and 405111.
4011
What is the highest common factor of 69 and 254236503?
69
Calculate the greatest common factor of 798906 and 4089.
141
What is the greatest common factor of 3480 and 263631460?
580
What is the highest common divisor of 313044 and 29868?
228
What is the greatest common divisor of 21 and 1235493?
21
Calculate the greatest common factor of 4941 and 4031307.
549
Calculate the highest common divisor of 1469629 and 171962.
497
What is the greatest common factor of 55908570 and 37985?
535
What is the greatest common factor of 21360 and 42493940?
1780
What is the highest common divisor of 6248 and 2187746?
22
What is the highest common factor of 2561946 and 3216?
402
Calculate the highest common factor of 27296 and 76848